{"id":154,"date":"2023-12-31T09:36:06","date_gmt":"2023-12-31T08:36:06","guid":{"rendered":"https:\/\/mipcysumundo.com.co\/?post_type=product&#038;p=154"},"modified":"2024-05-04T19:13:20","modified_gmt":"2024-05-04T17:13:20","slug":"ups-interactiva-powest-nicomar-micronet-750va-regulador-voltaje","status":"publish","type":"product","link":"https:\/\/mipcysumundo.com.co\/index.php\/producto\/ups-interactiva-powest-nicomar-micronet-750va-regulador-voltaje\/","title":{"rendered":"Ups interactiva powest\/nicomar micronet 750va regulador voltaje"},"content":{"rendered":"<p>UPS INTERACTIVA POWEST MICRONET 750VA REGULADOR VOLTAJE T\u00e9cnica autom\u00e1tica en la regulaci\u00f3n de tensi\u00f3n AVR. Amplio rango de tensi\u00f3n a la entrada. Avanzada tecnolog\u00eda MOSFET PWM. Cierre avanzada para la sobrecarga y bater\u00eda baja. Control Digital Autom\u00e1tico. T\u00e9cnica autom\u00e1tica de recarga. Indicadores de funcionamiento led. Dise\u00f1o confiable conectado con la red. Ofrece una protecci\u00f3n completa. Software de monitoreo LAN. Equipado con Boost AVR y Buck para estabilizar el voltaje de entrada. Permite el encendido de la unidad sin alimentaci\u00f3n de CA. Reinicio autom\u00e1tico despu\u00e9s de una falla en la red. Tama\u00f1o compacto, peso ligero 6Kg. Proporciona protecci\u00f3n contra sobrecarga.<\/p>\n","protected":false},"excerpt":{"rendered":"<p>UPS INTERACTIVA POWEST MICRONET 750VA REGULADOR VOLTAJE T\u00e9cnica autom\u00e1tica en la regulaci\u00f3n de tensi\u00f3n AVR. Amplio rango de tensi\u00f3n a la entrada. Avanzada tecnolog\u00eda MOSFET PWM. Cierre avanzada para la<\/p>\n","protected":false},"featured_media":156,"comment_status":"open","ping_status":"closed","template":"","meta":{"_acf_changed":false,"_joinchat":[]},"product_cat":[22],"product_tag":[],"acf":[],"jetpack_sharing_enabled":true,"_links":{"self":[{"href":"https:\/\/mipcysumundo.com.co\/index.php\/wp-json\/wp\/v2\/product\/154"}],"collection":[{"href":"https:\/\/mipcysumundo.com.co\/index.php\/wp-json\/wp\/v2\/product"}],"about":[{"href":"https:\/\/mipcysumundo.com.co\/index.php\/wp-json\/wp\/v2\/types\/product"}],"replies":[{"embeddable":true,"href":"https:\/\/mipcysumundo.com.co\/index.php\/wp-json\/wp\/v2\/comments?post=154"}],"wp:featuredmedia":[{"embeddable":true,"href":"https:\/\/mipcysumundo.com.co\/index.php\/wp-json\/wp\/v2\/media\/156"}],"wp:attachment":[{"href":"https:\/\/mipcysumundo.com.co\/index.php\/wp-json\/wp\/v2\/media?parent=154"}],"wp:term":[{"taxonomy":"product_cat","embeddable":true,"href":"https:\/\/mipcysumundo.com.co\/index.php\/wp-json\/wp\/v2\/product_cat?post=154"},{"taxonomy":"product_tag","embeddable":true,"href":"https:\/\/mipcysumundo.com.co\/index.php\/wp-json\/wp\/v2\/product_tag?post=154"}],"curies":[{"name":"wp","href":"https:\/\/api.w.org\/{rel}","templated":true}]}}