{"id":184,"date":"2023-12-31T09:56:59","date_gmt":"2023-12-31T08:56:59","guid":{"rendered":"https:\/\/mipcysumundo.com.co\/?post_type=product&#038;p=184"},"modified":"2026-04-23T03:02:25","modified_gmt":"2026-04-23T01:02:25","slug":"computador-portatil-asus-156-e1504fa-nj552w-ryzen-5-16gb-512gb-negro","status":"publish","type":"product","link":"https:\/\/mipcysumundo.com.co\/index.php\/producto\/computador-portatil-asus-156-e1504fa-nj552w-ryzen-5-16gb-512gb-negro\/","title":{"rendered":"Computador Port\u00e1til Asus 15,6&#8243; E1504FA-NJ552W Ryzen 5 16GB 512GB Negro"},"content":{"rendered":"<div class=\"vtex-flex-layout-0-x-flexColChild vtex-flex-layout-0-x-flexColChild--container-list-specifications pb0\">\n<div class=\"vtex-rich-text-0-x-container vtex-rich-text-0-x-container--title-list-specifications flex tl items-start justify-start t-body c-on-base\">\n<div class=\"vtex-rich-text-0-x-wrapper vtex-rich-text-0-x-wrapper--title-list-specifications\">\n<p class=\"lh-copy vtex-rich-text-0-x-paragraph vtex-rich-text-0-x-paragraph--title-list-specifications\">Caracteristicas principales<\/p>\n<\/div>\n<\/div>\n<\/div>\n<div class=\"vtex-flex-layout-0-x-flexColChild vtex-flex-layout-0-x-flexColChild--container-list-specifications pb0\">\n<ul class=\"tiendasjumboqaio-metro-custom-pages-2-x-layoutListcontainer\">\n<li class=\"tiendasjumboqaio-metro-custom-pages-2-x-layoutListElement\"><small class=\"tiendasjumboqaio-metro-custom-pages-2-x-layoutListName\">Dimensiones (AltoxAnchoxProf):\u00a0<\/small><small>36.03 x 23.25 x 1.79 cm<\/small><\/li>\n<li class=\"tiendasjumboqaio-metro-custom-pages-2-x-layoutListElement\"><small class=\"tiendasjumboqaio-metro-custom-pages-2-x-layoutListName\">Garant\u00eda Proveedor:\u00a0<\/small><small>1 a\u00f1o<\/small><\/li>\n<li class=\"tiendasjumboqaio-metro-custom-pages-2-x-layoutListElement\"><small class=\"tiendasjumboqaio-metro-custom-pages-2-x-layoutListName\">Tipo de Producto:\u00a0<\/small><small>Computadores Port\u00e1tiles<\/small><\/li>\n<li class=\"tiendasjumboqaio-metro-custom-pages-2-x-layoutListElement\"><small class=\"tiendasjumboqaio-metro-custom-pages-2-x-layoutListName\">Conectividad:\u00a0<\/small><small>Wi-Fi 6E(802.11ax) (Dual band) 1*1 + Bluetooth\u00ae 5.3<\/small><\/li>\n<li class=\"tiendasjumboqaio-metro-custom-pages-2-x-layoutListElement\"><small class=\"tiendasjumboqaio-metro-custom-pages-2-x-layoutListName\">Memoria RAM:\u00a0<\/small><small>16 GB<\/small><\/li>\n<\/ul>\n<\/div>\n<section class=\"section-1\">\n<p class=\"asus-content\">Es liviana, es compacta, es la ASUS Vivobook Go 15 y est\u00e1 dise\u00f1ada para que seas productivo y te mantengas entretenido dondequiera que vayas. Con su bisagra plana de 180\u00b0, el protector f\u00edsico de la c\u00e1mara web y un mont\u00f3n de caracter\u00edsticas de dise\u00f1o bien pensadas, incluida una hermosa pantalla con bordes ultradelgados, \u00a1Vivobook Go 15 es la laptop que te permite hacer todo!<\/p>\n<\/section>\n<section class=\"section-1\"><img decoding=\"async\" class=\"asus-image\" src=\"https:\/\/www.tiendasmetro.co\/arquivos\/4711081724025_1.jpg\" alt=\"imagen\" \/><\/section>\n<section class=\"section-2\">\n<div class=\"asus-content-container\">\n<p class=\"asus-content-title\">Ll\u00e9vala donde sea<\/p>\n<p class=\"asus-content asus-content2\">El dise\u00f1o compacto y liviano de la Vivobook Go 15 permite llevarla a cualquier lugar con un esfuerzo m\u00ednimo, gracias a su peso y grosor. Sus dimensiones compactas, adem\u00e1s, no implican sacrificios, incorporando en su interior un poderoso procesador.<\/p>\n<\/div>\n<p><img decoding=\"async\" class=\"asus-image2\" src=\"https:\/\/www.tiendasmetro.co\/arquivos\/4711081724025_2.jpg\" alt=\"imagen\" \/><\/section>\n<section class=\"section-2\">\n<div class=\"asus-content-container\">\n<p class=\"asus-content-title\">Una bater\u00eda que carga en menos tiempo<\/p>\n<p class=\"asus-content asus-content2\">La Vivobook Go 15 admite carga r\u00e1pida, por lo que puedes cargar una bater\u00eda totalmente descargada al 60% en tan solo 49 minutos. \u00a1Estar\u00e1 en funcionamiento m\u00e1s r\u00e1pido que nunca! grande.<\/p>\n<\/div>\n<p><img decoding=\"async\" class=\"asus-image2\" src=\"https:\/\/www.tiendasmetro.co\/arquivos\/4711081724025_3.jpg\" alt=\"imagen\" \/><\/section>\n<section class=\"section-2\"><img decoding=\"async\" class=\"asus-image2\" src=\"https:\/\/www.tiendasmetro.co\/arquivos\/4711081724025_4.jpg\" alt=\"imagen\" \/><\/p>\n<div class=\"asus-content-container\">\n<p class=\"asus-content-title\">Audio que te sorprender\u00e1<\/p>\n<p class=\"asus-content asus-content2\">La Vivobook Go 15 proporciona un sonido incre\u00edblemente potente y n\u00edtido. La combinaci\u00f3n de hardware y software aumenta el volumen y elimina el ruido para mejorar la claridad del audio y obtener un sonido realmente envolvente.<\/p>\n<\/div>\n<\/section>\n<section class=\"section-2\">\n<div class=\"asus-content-container\">\n<p class=\"asus-content-title\">Videollamadas perfectas<\/p>\n<p class=\"asus-content asus-content2\">La Vivobook Go 15 est\u00e1 preparada para el trabajo h\u00edbrido, y est\u00e1 dise\u00f1ada para ofrecer la mejor experiencia de audio y video durante las videollamadas. Su c\u00e1mara cuenta con una serie de optimizaciones que mejoran la iluminaci\u00f3n, mantienen el rostro en el centro de la imagen y los ojos mirando directo a la wecam, mientras que el audio se ve mejorado gracias a la tecnolog\u00eda de cancelaci\u00f3n de ruido con IA que filtra los ruidos molestos en ambos extremos de la llamada.<\/p>\n<\/div>\n<\/section>\n","protected":false},"excerpt":{"rendered":"<p>Caracteristicas principales Dimensiones (AltoxAnchoxProf):\u00a036.03 x 23.25 x 1.79 cm Garant\u00eda Proveedor:\u00a01 a\u00f1o Tipo de Producto:\u00a0Computadores Port\u00e1tiles Conectividad:\u00a0Wi-Fi 6E(802.11ax) (Dual band) 1*1 + Bluetooth\u00ae 5.3 Memoria RAM:\u00a016 GB Es liviana, es<\/p>\n","protected":false},"featured_media":185,"comment_status":"open","ping_status":"closed","template":"","meta":{"_acf_changed":false,"_joinchat":[]},"product_cat":[23],"product_tag":[],"acf":[],"jetpack_sharing_enabled":true,"_links":{"self":[{"href":"https:\/\/mipcysumundo.com.co\/index.php\/wp-json\/wp\/v2\/product\/184"}],"collection":[{"href":"https:\/\/mipcysumundo.com.co\/index.php\/wp-json\/wp\/v2\/product"}],"about":[{"href":"https:\/\/mipcysumundo.com.co\/index.php\/wp-json\/wp\/v2\/types\/product"}],"replies":[{"embeddable":true,"href":"https:\/\/mipcysumundo.com.co\/index.php\/wp-json\/wp\/v2\/comments?post=184"}],"wp:featuredmedia":[{"embeddable":true,"href":"https:\/\/mipcysumundo.com.co\/index.php\/wp-json\/wp\/v2\/media\/185"}],"wp:attachment":[{"href":"https:\/\/mipcysumundo.com.co\/index.php\/wp-json\/wp\/v2\/media?parent=184"}],"wp:term":[{"taxonomy":"product_cat","embeddable":true,"href":"https:\/\/mipcysumundo.com.co\/index.php\/wp-json\/wp\/v2\/product_cat?post=184"},{"taxonomy":"product_tag","embeddable":true,"href":"https:\/\/mipcysumundo.com.co\/index.php\/wp-json\/wp\/v2\/product_tag?post=184"}],"curies":[{"name":"wp","href":"https:\/\/api.w.org\/{rel}","templated":true}]}}