{"id":5450,"date":"2024-05-11T23:35:53","date_gmt":"2024-05-11T21:35:53","guid":{"rendered":"https:\/\/mipcysumundo.com.co\/?post_type=product&#038;p=5450"},"modified":"2024-05-11T23:35:53","modified_gmt":"2024-05-11T21:35:53","slug":"antena-extensor-de-rango-router-enat-od9-encore-electronics","status":"publish","type":"product","link":"https:\/\/mipcysumundo.com.co\/index.php\/producto\/antena-extensor-de-rango-router-enat-od9-encore-electronics\/","title":{"rendered":"ANTENA EXTENSOR DE RANGO ROUTER ENAT-OD9 ENCORE ELECTRONICS"},"content":{"rendered":"<p>&nbsp;<\/p>\n<table class=\"attribute\">\n<thead>\n<tr>\n<th colspan=\"3\">Especificaciones Generales<\/th>\n<\/tr>\n<\/thead>\n<tbody>\n<tr>\n<td class=\"label\">Marca<\/td>\n<td class=\"value\">Encore<\/td>\n<\/tr>\n<tr>\n<td class=\"label\">Modelo<\/td>\n<td class=\"value\">ENAT-OD9<\/td>\n<\/tr>\n<tr>\n<td class=\"label\">Color<\/td>\n<td class=\"value\">Negro<\/td>\n<\/tr>\n<\/tbody>\n<\/table>\n<table class=\"attribute\">\n<thead>\n<tr>\n<th colspan=\"3\">Especificaciones T\u00e9cnicas<\/th>\n<\/tr>\n<\/thead>\n<tbody>\n<tr>\n<td class=\"label\">Conector<\/td>\n<td class=\"value\">SMA desmontable<\/td>\n<\/tr>\n<tr>\n<td class=\"label\">Frecuencia de Operaci\u00f3n<\/td>\n<td class=\"value\">2.4-2.5GHz<\/td>\n<\/tr>\n<tr>\n<td class=\"label\">Impedancia<\/td>\n<td class=\"value\">50 ohms<\/td>\n<\/tr>\n<tr>\n<td class=\"label\">Ganancia<\/td>\n<td class=\"value\">9 dBi<\/td>\n<\/tr>\n<tr>\n<td class=\"label\">Radio<\/td>\n<td class=\"value\">Omni Direccional<\/td>\n<\/tr>\n<tr>\n<td class=\"label\">Polarizaci\u00f3n<\/td>\n<td class=\"value\">Vertical<\/td>\n<\/tr>\n<tr>\n<td class=\"label\">Inclinaci\u00f3n<\/td>\n<td class=\"value\">0\u00b0, 45\u00b0, 90\u00b0<\/td>\n<\/tr>\n<tr>\n<td class=\"label\">Tipo de Conector<\/td>\n<td class=\"value\">SMA Plug (Polaridad inversa)<\/td>\n<\/tr>\n<tr>\n<td class=\"label\">Conector de Metal<\/td>\n<td class=\"value\">lat\u00f3n<\/td>\n<\/tr>\n<\/tbody>\n<\/table>\n<table class=\"attribute last\">\n<thead>\n<tr>\n<th colspan=\"3\">Caracter\u00edsticas F\u00edsicas<\/th>\n<\/tr>\n<\/thead>\n<tbody>\n<tr>\n<td class=\"label\">Dimensiones<\/td>\n<td class=\"value\">374 x 15.8mm<\/td>\n<\/tr>\n<tr>\n<td class=\"label\">Peso<\/td>\n<td class=\"value\">60 gramos<\/td>\n<\/tr>\n<\/tbody>\n<\/table>\n<p>&nbsp;<\/p>\n<p><strong>Feature<\/strong><\/p>\n<ul>\n<li>Increase the Wireless Signal of 802.11 b\/g\/n Networks<\/li>\n<li>Simply Replace the Antennas that Come With Wireless Devices<\/li>\n<li>Eliminate Dead Spots and Improve Wireless Network Coverage Area<\/li>\n<\/ul>\n","protected":false},"excerpt":{"rendered":"<p>La antena inal\u00e1mbrica omnidireccional ENAT-OD9 de Encore ampl\u00eda m\u00e1s de 3 veces la cobertura inal\u00e1mbrica y proporciona m\u00e1s potencia de refuerzo en comparaci\u00f3n con una antena normal. Con una potencia de antena de 9dBi, su conexi\u00f3n inal\u00e1mbrica es m\u00e1s fuerte y casi elimina la mayor\u00eda de los puntos muertos que se encuentran en una antena normal. No m\u00e1s preocupaciones sobre d\u00f3nde colocar sus dispositivos inal\u00e1mbricos para obtener la mejor recepci\u00f3n, ya que casi todos los lugares dentro de la gama ENAT-OD9 obtener recepciones de calidad. ENAT-OD9 es compatible con 802.11 b, g, y n productos inal\u00e1mbricos con conector SMA desmontable.<\/p>\n<p>&nbsp;<\/p>\n","protected":false},"featured_media":5451,"comment_status":"open","ping_status":"closed","template":"","meta":{"_acf_changed":false,"_joinchat":[]},"product_cat":[15],"product_tag":[],"acf":[],"jetpack_sharing_enabled":true,"_links":{"self":[{"href":"https:\/\/mipcysumundo.com.co\/index.php\/wp-json\/wp\/v2\/product\/5450"}],"collection":[{"href":"https:\/\/mipcysumundo.com.co\/index.php\/wp-json\/wp\/v2\/product"}],"about":[{"href":"https:\/\/mipcysumundo.com.co\/index.php\/wp-json\/wp\/v2\/types\/product"}],"replies":[{"embeddable":true,"href":"https:\/\/mipcysumundo.com.co\/index.php\/wp-json\/wp\/v2\/comments?post=5450"}],"wp:featuredmedia":[{"embeddable":true,"href":"https:\/\/mipcysumundo.com.co\/index.php\/wp-json\/wp\/v2\/media\/5451"}],"wp:attachment":[{"href":"https:\/\/mipcysumundo.com.co\/index.php\/wp-json\/wp\/v2\/media?parent=5450"}],"wp:term":[{"taxonomy":"product_cat","embeddable":true,"href":"https:\/\/mipcysumundo.com.co\/index.php\/wp-json\/wp\/v2\/product_cat?post=5450"},{"taxonomy":"product_tag","embeddable":true,"href":"https:\/\/mipcysumundo.com.co\/index.php\/wp-json\/wp\/v2\/product_tag?post=5450"}],"curies":[{"name":"wp","href":"https:\/\/api.w.org\/{rel}","templated":true}]}}