{"id":5564,"date":"2024-05-14T03:12:58","date_gmt":"2024-05-14T01:12:58","guid":{"rendered":"https:\/\/mipcysumundo.com.co\/?post_type=product&#038;p=5564"},"modified":"2024-05-14T03:12:58","modified_gmt":"2024-05-14T01:12:58","slug":"camara-dh-hac-t2a21n-0280b-2mp-bala","status":"publish","type":"product","link":"https:\/\/mipcysumundo.com.co\/index.php\/producto\/camara-dh-hac-t2a21n-0280b-2mp-bala\/","title":{"rendered":"CAMARA DH-HAC-T2A21N-0280B 2MP BALA"},"content":{"rendered":"<div id=\"content-column-0\" class=\"box-container row mx-0 pb-1 px-0 align-items-center w-100\" data-v-8765dc82=\"\">\n<div class=\"container px-0 row mx-0 mx-auto justify-content-center align-items-center\" data-v-8765dc82=\"\">\n<div class=\"column-content position-relative px-0 col-12\" data-v-8765dc82=\"\">\n<div class=\"my-mb-3 my-0 mb-0\" data-v-8765dc82=\"\">\n<div data-v-216c970a=\"\" data-v-8765dc82=\"\">\n<div class=\"ql-editor \" data-v-216c970a=\"\">\n<h3><strong>DH-HAC-T2A21N-0280B<\/strong><\/h3>\n<p>La c\u00e1mara de la serie Cooper 1080P HDCVI presenta un dise\u00f1o compacto y ofrece una imagen de alta calidad a un precio amigable. Ofrece varios modelos de lentes varifocales \/ fijos con una salida OSD multiling\u00fce y una salida conmutable HD \/ SD. Su flexibilidad estructural y su alto costo\/rendimiento hacen de la c\u00e1mara una opci\u00f3n ideal para soluciones SMB.<\/p>\n<\/div>\n<\/div>\n<\/div>\n<\/div>\n<\/div>\n<\/div>\n<div id=\"content-column-1\" class=\"box-container row mx-0 pb-1 px-0 align-items-center w-100\" data-v-8765dc82=\"\">\n<div class=\"container px-0 row mx-0 mx-auto justify-content-center align-items-center\" data-v-8765dc82=\"\">\n<div class=\"column-content position-relative px-0 col-12\" data-v-8765dc82=\"\">\n<div class=\"my-mb-3 my-0 mb-0\" data-v-8765dc82=\"\">\n<div data-v-216c970a=\"\" data-v-8765dc82=\"\">\n<div class=\"ql-editor \" data-v-216c970a=\"\">\n<h3><strong>Caracter\u00edsticas principales<\/strong><\/h3>\n<\/div>\n<\/div>\n<\/div>\n<\/div>\n<\/div>\n<\/div>\n<div id=\"content-column-2\" class=\"box-container row mx-0 pb-1 px-0 align-items-center w-100\" data-v-8765dc82=\"\">\n<div class=\"container px-0 row mx-0 mx-auto justify-content-center align-items-center\" data-v-8765dc82=\"\">\n<div class=\"column-content position-relative px-0 col-12 col-md-6\" data-v-8765dc82=\"\">\n<div data-v-8765dc82=\"\">\n<div class=\"w-100 video-item\" data-v-dcd6f27a=\"\" data-v-8765dc82=\"\"><\/div>\n<\/div>\n<\/div>\n<div class=\"column-content position-relative px-0 col-12 col-md-6\" data-v-8765dc82=\"\">\n<div class=\"my-mb-3 my-0 mb-0\" data-v-8765dc82=\"\">\n<div data-v-216c970a=\"\" data-v-8765dc82=\"\">\n<div class=\"ql-editor \" data-v-216c970a=\"\">\n<h5><strong>4 Se\u00f1ales Sobre 1 Cable Coaxial <\/strong><\/h5>\n<p>La tecnolog\u00eda HDCVI admite la transmisi\u00f3n simult\u00e1nea de 4 se\u00f1ales a trav\u00e9s de 1 cable coaxial, es decir, video, audio *, datos y alimentaci\u00f3n. La transmisi\u00f3n de datos bidireccional permite a la c\u00e1mara HDCVI interactuar directamente con el HCVR, como enviar se\u00f1ales de control o disparar la se\u00f1al de alarma.<\/p>\n<p><span class=\"ql-size-small\">* La entrada de audio est\u00e1 disponible para algunos modelos de c\u00e1maras HDCVI.<\/span><\/p>\n<\/div>\n<\/div>\n<\/div>\n<\/div>\n<\/div>\n<\/div>\n<div id=\"content-column-3\" class=\"box-container row mx-0 pb-1 px-0 align-items-center w-100\" data-v-8765dc82=\"\">\n<div class=\"container px-0 row mx-0 mx-auto justify-content-center align-items-center\" data-v-8765dc82=\"\">\n<div class=\"column-content position-relative px-0 col-12\" data-v-8765dc82=\"\">\n<div class=\"my-mb-3 my-0 mb-0\" data-v-8765dc82=\"\">\n<div data-v-216c970a=\"\" data-v-8765dc82=\"\">\n<div class=\"ql-editor \" data-v-216c970a=\"\">\n<h5><strong>Transmisiones de larga distancia<\/strong><\/h5>\n<p>La tecnolog\u00eda HDCVI garantiza la transmisi\u00f3n en tiempo real a larga distancia sin experimentar perdidas en la calidad del video. Soporta transmisiones via cable coaxial hasta 800m(1080P)\/1200m(720P), y hasta 300m(1080P)\/450m(720P) con cable UTP*.<\/p>\n<p><span class=\"ql-size-small\">* Resultados reales verificados por pruebas en la escena real en el laboratorio de pruebas de Dahua<\/span><\/p>\n<\/div>\n<\/div>\n<\/div>\n<\/div>\n<\/div>\n<\/div>\n<div id=\"content-column-4\" class=\"box-container row mx-0 pb-1 px-0 align-items-center w-100\" data-v-8765dc82=\"\">\n<div class=\"container px-0 row mx-0 mx-auto justify-content-center align-items-center\" data-v-8765dc82=\"\">\n<div class=\"column-content position-relative px-0 col-12\" data-v-8765dc82=\"\">\n<div class=\"my-mb-3 my-0 mb-0\" data-v-8765dc82=\"\">\n<div data-v-216c970a=\"\" data-v-8765dc82=\"\">\n<div class=\"ql-editor \" data-v-216c970a=\"\">\n<h5><strong>Sencillez<\/strong><\/h5>\n<p>La tecnolog\u00eda HDCVI hereda la caracter\u00edstica nata de la simplicidad del sistema de vigilancia anal\u00f3gica tradicional, convirti\u00e9ndose en la mejor opci\u00f3n de inversi\u00f3n en protecci\u00f3n.El sistema HDCVI puede actualizar el sistema an\u00e1logo tradicional sin problemas, sin necesidad de reemplazar el cableado coaxial existente. El enfoque \u201cplug and play\u201d permite una video vigilancia HD completa sin tener que configurar una red.<\/p>\n<\/div>\n<\/div>\n<\/div>\n<\/div>\n<\/div>\n<\/div>\n<div id=\"content-column-5\" class=\"box-container row mx-0 pb-1 px-0 align-items-center w-100\" data-v-8765dc82=\"\">\n<div class=\"container px-0 row mx-0 mx-auto justify-content-center align-items-center\" data-v-8765dc82=\"\">\n<div class=\"column-content position-relative px-0 col-12\" data-v-8765dc82=\"\">\n<div class=\"my-mb-3 my-0 mb-0\" data-v-8765dc82=\"\">\n<div data-v-216c970a=\"\" data-v-8765dc82=\"\">\n<div class=\"ql-editor \" data-v-216c970a=\"\">\n<h5><strong>Smart IR<\/strong><\/h5>\n<p>La c\u00e1mara esta dise\u00f1ada con Iluminaci\u00f3n LED microcristalina IR para un mejor rendimiento en condiciones de baja iluminaci\u00f3n. El Smart IR \u00fanico de Dahua ajusta la intensidad de los LED infrarrojos de la c\u00e1mara de acuerdo a la distancia del\u00a0objeto u objetivo, previniendo una sobreexposici\u00f3n de luz cuando se acerca a la c\u00e1mara y garantizando la uniformidad del brillo en la imagen en blanco y negro con baja iluminaci\u00f3n.<\/p>\n<\/div>\n<\/div>\n<\/div>\n<\/div>\n<\/div>\n<\/div>\n<div id=\"content-column-6\" class=\"box-container row mx-0 pb-1 px-0 align-items-center w-100\" data-v-8765dc82=\"\">\n<div class=\"container px-0 row mx-0 mx-auto justify-content-center align-items-center flex-md-row flex-column-reverse\" data-v-8765dc82=\"\">\n<div class=\"column-content position-relative px-0 col-12 col-md-6\" data-v-8765dc82=\"\">\n<div class=\"space\" data-v-8765dc82=\"\">\n<div data-v-27d6c872=\"\" data-v-8765dc82=\"\">\n<div class=\"noPageBreak px-0 position-relative banner-brand\" data-v-27d6c872=\"\"><img decoding=\"async\" class=\"noPageBreak mx-auto\" src=\"https:\/\/www.gvscolombia.com\/assets\/posts\/imagenPost-1583254273.jpeg\" alt=\"Im\u00e1gen de post GVS Colombia\" data-v-27d6c872=\"\" \/><\/div>\n<\/div>\n<\/div>\n<\/div>\n<div class=\"column-content position-relative px-0 col-12 col-md-6\" data-v-8765dc82=\"\">\n<div class=\"space\" data-v-8765dc82=\"\">\n<div data-v-27d6c872=\"\" data-v-8765dc82=\"\">\n<div class=\"noPageBreak px-0 position-relative banner-brand\" data-v-27d6c872=\"\"><img decoding=\"async\" class=\"noPageBreak mx-auto\" src=\"https:\/\/www.gvscolombia.com\/assets\/posts\/imagenPost-1583254297.jpeg\" alt=\"Im\u00e1gen de post GVS Colombia\" data-v-27d6c872=\"\" \/><\/div>\n<\/div>\n<\/div>\n<\/div>\n<\/div>\n<\/div>\n<div id=\"content-column-7\" class=\"box-container row mx-0 pb-1 px-0 align-items-center w-100\" data-v-8765dc82=\"\">\n<div class=\"container px-0 row mx-0 mx-auto justify-content-center align-items-center\" data-v-8765dc82=\"\">\n<div class=\"column-content position-relative px-0 col-12\" data-v-8765dc82=\"\">\n<div class=\"my-mb-3 my-0 mb-0\" data-v-8765dc82=\"\">\n<div data-v-216c970a=\"\" data-v-8765dc82=\"\">\n<div class=\"ql-editor \" data-v-216c970a=\"\">\n<h5><strong>Formatos de video m\u00faltiple<\/strong><\/h5>\n<p>La c\u00e1mara es compatible con m\u00faltiples formatos de video, incluidos HDCVI, CVBS y otros dos formatos an\u00e1logos de HD comunes en el mercado. Los cuatro formatos se pueden cambiar a trav\u00e9s del men\u00fa OSD. Esta funci\u00f3n hace que la c\u00e1mara sea compatible no solo con los HCVR, sino tambi\u00e9n con DVR HD \/ SD que es usado por la mayor\u00eda de los usuarios finales.<\/p>\n<\/div>\n<\/div>\n<\/div>\n<\/div>\n<\/div>\n<\/div>\n<div id=\"content-column-8\" class=\"box-container row mx-0 pb-1 px-0 align-items-center w-100\" data-v-8765dc82=\"\">\n<div class=\"container px-0 row mx-0 mx-auto justify-content-center align-items-center\" data-v-8765dc82=\"\">\n<div class=\"column-content position-relative px-0 col-12 col-md-6\" data-v-8765dc82=\"\">\n<div class=\"space\" data-v-8765dc82=\"\">\n<div data-v-27d6c872=\"\" data-v-8765dc82=\"\">\n<div class=\"noPageBreak px-0 position-relative banner-brand\" data-v-27d6c872=\"\"><img decoding=\"async\" class=\"noPageBreak mx-auto\" src=\"https:\/\/www.gvscolombia.com\/assets\/posts\/imagenPost-1583337210.jpeg\" alt=\"Im\u00e1gen de post GVS Colombia\" data-v-27d6c872=\"\" \/><\/div>\n<\/div>\n<\/div>\n<\/div>\n<div class=\"column-content position-relative px-0 col-12 col-md-6\" data-v-8765dc82=\"\">\n<div class=\"my-mb-3 my-0 mb-0\" data-v-8765dc82=\"\">\n<div data-v-216c970a=\"\" data-v-8765dc82=\"\">\n<div class=\"ql-editor \" data-v-216c970a=\"\">\n<h5><strong>Protecci\u00f3n<\/strong><\/h5>\n<p>La excepcional confiabilidad de la c\u00e1mara es insuperable debido a su dise\u00f1o resistente. La c\u00e1mara est\u00e1 protegida contra el agua y el polvo gracias a su dise\u00f1o de clasificaci\u00f3n IP67, por lo que es adecuada para entornos interiores y exteriores. Con un rango de temperatura de trabajo de -40 \u00b0 C a + 60 \u00b0 C (-40 \u00b0 F a + 140 \u00b0 F), la c\u00e1mara est\u00e1 dise\u00f1ada para entornos de temperaturas extremas. Tambi\u00e9n tiene tolerancia de voltaje de entrada de \u00b1 30%, haciendo que se adapte incluso a las condiciones de fuente de alimentaci\u00f3n m\u00e1s inestables. Su clasificaci\u00f3n de rayos 4KV proporciona protecci\u00f3n contra la c\u00e1mara y su estructura contra los efectos de descargas el\u00e9ctricas.<\/p>\n<\/div>\n<\/div>\n<\/div>\n<\/div>\n<\/div>\n<\/div>\n<div id=\"content-column-9\" class=\"box-container row mx-0 pb-1 px-0 align-items-center w-100\" data-v-8765dc82=\"\">\n<div class=\"container px-0 row mx-0 mx-auto justify-content-center align-items-center\" data-v-8765dc82=\"\">\n<div class=\"column-content position-relative px-0 col-12 col-md-6\" data-v-8765dc82=\"\">\n<div data-v-8765dc82=\"\">\n<div class=\"content-columns\" data-v-111e791c=\"\" data-v-8765dc82=\"\">\n<div class=\"row mx-0 py-2\" data-v-111e791c=\"\">\n<div class=\"col-12 mt-3 mx-auto\" data-v-111e791c=\"\">\n<div data-v-111e791c=\"\">\n<div class=\"ql-editor\" data-v-111e791c=\"\">\n<h5 class=\"ql-align-center\"><strong>Dimensiones (mm\/inch)<\/strong><\/h5>\n<\/div>\n<div class=\"img-container d-flex align-items-center\" data-v-111e791c=\"\"><img decoding=\"async\" class=\"mx-auto text-img\" src=\"https:\/\/www.gvscolombia.com\/assets\/posts\/imagenPost-1583187999.jpeg\" alt=\"\" data-v-111e791c=\"\" \/><\/div>\n<\/div>\n<\/div>\n<\/div>\n<\/div>\n<\/div>\n<\/div>\n<div class=\"column-content position-relative px-0 col-12 col-md-6\" data-v-8765dc82=\"\">\n<div data-v-8765dc82=\"\">\n<div class=\"content-columns\" data-v-111e791c=\"\" data-v-8765dc82=\"\">\n<div class=\"row mx-0 py-2\" data-v-111e791c=\"\">\n<div class=\"col-12 mt-3 mx-auto\" data-v-111e791c=\"\">\n<div data-v-111e791c=\"\">\n<div class=\"ql-editor\" data-v-111e791c=\"\">\n<h5 class=\"ql-align-center\"><strong>Ejemplos de montaje<\/strong><\/h5>\n<\/div>\n<div class=\"img-container d-flex align-items-center\" data-v-111e791c=\"\"><img decoding=\"async\" class=\"mx-auto text-img\" src=\"https:\/\/www.gvscolombia.com\/assets\/posts\/imagenPost-1583188364.jpeg\" alt=\"\" data-v-111e791c=\"\" \/><\/div>\n<\/div>\n<\/div>\n<\/div>\n<\/div>\n<\/div>\n<\/div>\n<\/div>\n<\/div>\n","protected":false},"excerpt":{"rendered":"<h6 class=\"description-title my-3\" data-v-55ead892=\"\"><b data-v-55ead892=\"\">Caracter\u00edsticas<\/b><\/h6>\n<ul data-v-55ead892=\"\">\n<li data-v-55ead892=\"\">Tecnolog\u00eda: 4 en 1,<\/li>\n<li data-v-55ead892=\"\">Tipo: C\u00e1maras Anal\u00f3gicas<\/li>\n<li data-v-55ead892=\"\">Serie: Cooper<\/li>\n<li data-v-55ead892=\"\">Modelo: Domo Torreta,<\/li>\n<li data-v-55ead892=\"\">Material: Met\u00e1lica<\/li>\n<li data-v-55ead892=\"\">Resoluci\u00f3n: 1080p<\/li>\n<li data-v-55ead892=\"\">Lente: Lente Fijo<\/li>\n<li data-v-55ead892=\"\">Distancia Focal: 2.8mm<\/li>\n<li data-v-55ead892=\"\">Caracter\u00edsticas: DWDR, Smart IR,<\/li>\n<li data-v-55ead892=\"\">Sensor de Imagen: Sensor 1\/2.7&#8243;<\/li>\n<li data-v-55ead892=\"\">Rango Pan\/Tilt: Pan 0\u00b0~360\u00b0, Tilt 0\u00b0~78\u00b0,<\/li>\n<li data-v-55ead892=\"\">IR: IR 20m<\/li>\n<li data-v-55ead892=\"\">Protecci\u00f3n: IP67,<\/li>\n<li data-v-55ead892=\"\">Alimentaci\u00f3n: 12VDC<\/li>\n<li data-v-55ead892=\"\">Consumo: 2.7W<\/li>\n<li data-v-55ead892=\"\">Fuente de Poder M\u00ednima: 0.74A<\/li>\n<\/ul>\n","protected":false},"featured_media":5565,"comment_status":"open","ping_status":"closed","template":"","meta":{"_acf_changed":false,"_joinchat":[]},"product_cat":[15],"product_tag":[],"acf":[],"jetpack_sharing_enabled":true,"_links":{"self":[{"href":"https:\/\/mipcysumundo.com.co\/index.php\/wp-json\/wp\/v2\/product\/5564"}],"collection":[{"href":"https:\/\/mipcysumundo.com.co\/index.php\/wp-json\/wp\/v2\/product"}],"about":[{"href":"https:\/\/mipcysumundo.com.co\/index.php\/wp-json\/wp\/v2\/types\/product"}],"replies":[{"embeddable":true,"href":"https:\/\/mipcysumundo.com.co\/index.php\/wp-json\/wp\/v2\/comments?post=5564"}],"wp:featuredmedia":[{"embeddable":true,"href":"https:\/\/mipcysumundo.com.co\/index.php\/wp-json\/wp\/v2\/media\/5565"}],"wp:attachment":[{"href":"https:\/\/mipcysumundo.com.co\/index.php\/wp-json\/wp\/v2\/media?parent=5564"}],"wp:term":[{"taxonomy":"product_cat","embeddable":true,"href":"https:\/\/mipcysumundo.com.co\/index.php\/wp-json\/wp\/v2\/product_cat?post=5564"},{"taxonomy":"product_tag","embeddable":true,"href":"https:\/\/mipcysumundo.com.co\/index.php\/wp-json\/wp\/v2\/product_tag?post=5564"}],"curies":[{"name":"wp","href":"https:\/\/api.w.org\/{rel}","templated":true}]}}