{"id":5622,"date":"2024-05-24T22:39:08","date_gmt":"2024-05-24T20:39:08","guid":{"rendered":"https:\/\/mipcysumundo.com.co\/?post_type=product&#038;p=5622"},"modified":"2024-05-24T22:39:08","modified_gmt":"2024-05-24T20:39:08","slug":"cautin-zd70d-con-control-de-temperatura-20-130w","status":"publish","type":"product","link":"https:\/\/mipcysumundo.com.co\/index.php\/producto\/cautin-zd70d-con-control-de-temperatura-20-130w\/","title":{"rendered":"CAUTIN ZD70D CON CONTROL DE TEMPERATURA 20\/130W"},"content":{"rendered":"<p><strong>Seguridad:<\/strong><\/p>\n<ul>\n<li>Este caut\u00edn tipo l\u00e1piz utiliza materiales resistentes al calor de alta calidad, que funcionan de manera m\u00e1s segura.<\/li>\n<\/ul>\n<p><strong>Calentamiento r\u00e1pido<span class=\"a-list-item\">:<\/span><\/strong><\/p>\n<ul>\n<li>El caut\u00edn de 20\/130W se calienta muy r\u00e1pidamente con tecnolog\u00eda de inducci\u00f3n de cer\u00e1mica incorporada<\/li>\n<li>Le mejora enormemente la eficiencia de su trabajo y ahorra energ\u00eda<\/li>\n<\/ul>\n<p><strong>Producto de excelente experiencia:<\/strong><\/p>\n<ul>\n<li>El mango de PVC tiene un agarre c\u00f3modo y seguro. Y el mango lleva un dise\u00f1o antideslizante para que se sienta bien. Una longitud de cable compacta es para un uso c\u00f3modo.<\/li>\n<\/ul>\n<p>&nbsp;<\/p>\n<p><strong>ESPECIFICACIONES<\/strong><\/p>\n<table width=\"611\">\n<tbody>\n<tr valign=\"TOP\">\n<td width=\"49%\"><strong>MODELO<\/strong><\/td>\n<td width=\"51%\">ZD-70D<\/td>\n<\/tr>\n<tr valign=\"TOP\">\n<td width=\"49%\"><strong>MARCA<\/strong><\/td>\n<td width=\"51%\">Takema<\/td>\n<\/tr>\n<tr valign=\"TOP\">\n<td width=\"49%\"><b>TIPO<\/b><\/td>\n<td width=\"51%\">Caut\u00edn tipo l\u00e1piz<\/td>\n<\/tr>\n<tr valign=\"TOP\">\n<td width=\"49%\"><b>VOLTAJE<\/b><\/td>\n<td width=\"51%\">220 V AC<\/td>\n<\/tr>\n<tr valign=\"TOP\">\n<td width=\"49%\"><b>POTENCIA<\/b><\/td>\n<td width=\"51%\">20\/130 Watts (presione el bot\u00f3n para la potencia de 130W)<\/td>\n<\/tr>\n<tr valign=\"TOP\">\n<td width=\"49%\"><b>COLOR<\/b><\/td>\n<td width=\"51%\">Celeste y negro<\/td>\n<\/tr>\n<tr valign=\"TOP\">\n<td width=\"49%\"><b>MANGO<\/b><\/td>\n<td width=\"51%\">Soft-Grip PVC<\/td>\n<\/tr>\n<tr valign=\"TOP\">\n<td width=\"49%\"><b>M\u00c9TODO DE CALEFACCI\u00d3N<\/b><\/td>\n<td width=\"51%\">Resistencia cer\u00e1mica<\/td>\n<\/tr>\n<tr valign=\"TOP\">\n<td width=\"49%\"><b>PUNTA<\/b><\/td>\n<td width=\"51%\">Punta de plata<\/td>\n<\/tr>\n<\/tbody>\n<\/table>\n","protected":false},"excerpt":{"rendered":"<p>El caut\u00edn se usa generalmente para trabajos de instalaci\u00f3n, reparaciones y producci\u00f3n en ensambles electr\u00f3nicos. Es ideal para muchos tipos de soldadura y tambi\u00e9n es un gran regalo para los fan\u00e1ticos del bricolaje.<\/p>\n","protected":false},"featured_media":5623,"comment_status":"open","ping_status":"closed","template":"","meta":{"_acf_changed":false,"_joinchat":[]},"product_cat":[15],"product_tag":[],"acf":[],"jetpack_sharing_enabled":true,"_links":{"self":[{"href":"https:\/\/mipcysumundo.com.co\/index.php\/wp-json\/wp\/v2\/product\/5622"}],"collection":[{"href":"https:\/\/mipcysumundo.com.co\/index.php\/wp-json\/wp\/v2\/product"}],"about":[{"href":"https:\/\/mipcysumundo.com.co\/index.php\/wp-json\/wp\/v2\/types\/product"}],"replies":[{"embeddable":true,"href":"https:\/\/mipcysumundo.com.co\/index.php\/wp-json\/wp\/v2\/comments?post=5622"}],"wp:featuredmedia":[{"embeddable":true,"href":"https:\/\/mipcysumundo.com.co\/index.php\/wp-json\/wp\/v2\/media\/5623"}],"wp:attachment":[{"href":"https:\/\/mipcysumundo.com.co\/index.php\/wp-json\/wp\/v2\/media?parent=5622"}],"wp:term":[{"taxonomy":"product_cat","embeddable":true,"href":"https:\/\/mipcysumundo.com.co\/index.php\/wp-json\/wp\/v2\/product_cat?post=5622"},{"taxonomy":"product_tag","embeddable":true,"href":"https:\/\/mipcysumundo.com.co\/index.php\/wp-json\/wp\/v2\/product_tag?post=5622"}],"curies":[{"name":"wp","href":"https:\/\/api.w.org\/{rel}","templated":true}]}}