{"id":5638,"date":"2024-05-27T22:07:58","date_gmt":"2024-05-27T20:07:58","guid":{"rendered":"https:\/\/mipcysumundo.com.co\/?post_type=product&#038;p=5638"},"modified":"2024-05-27T22:07:58","modified_gmt":"2024-05-27T20:07:58","slug":"cartucho-hp-28-c-y-m","status":"publish","type":"product","link":"https:\/\/mipcysumundo.com.co\/index.php\/producto\/cartucho-hp-28-c-y-m\/","title":{"rendered":"CARTUCHO HP 28 &#8211; C , Y , M"},"content":{"rendered":"<table border=\"0\" cellspacing=\"1\" cellpadding=\"4\" bgcolor=\"#cccccc\">\n<tbody>\n<tr>\n<th colspan=\"2\" scope=\"col\" width=\"550\">INTRODUCCI\u00d3N Y CARACTER\u00cdSTICAS<\/th>\n<\/tr>\n<tr bgcolor=\"#e7e7e7\">\n<td scope=\"row\" valign=\"top\" width=\"140\">Descripci\u00f3n general<\/td>\n<td valign=\"top\" width=\"401\">El cartucho de tinta tricolor HP\u00a028 genera impresiones brillantes, de calidad fotogr\u00e1fica y larga duraci\u00f3n gracias a las tintas patentadas con colorantes, formuladas para que funcionen de forma precisa con el sistema de impresi\u00f3n HP y obtener siempre unos resultados excelentes.<\/td>\n<\/tr>\n<tr bgcolor=\"#ffffff\">\n<td scope=\"row\" valign=\"top\" width=\"140\"><\/td>\n<td valign=\"top\" width=\"401\">\n<ul>\n<li><strong>Est\u00e1ndar<\/strong><\/li>\n<li>Tinta de confianza para impresiones diarias precisas moderadas.<\/li>\n<li>Conf\u00ede en las tintas originales HP.<\/li>\n<li><img decoding=\"async\" class=\"lazy-load-active\" src=\"http:\/\/h10010.www1.hp.com\/wwpc\/pscmisc\/vac\/us\/images\/22x21_tri-color.gif\" alt=\"Tricolor\" width=\"22\" height=\"21\" border=\"0\" data-src=\"http:\/\/h10010.www1.hp.com\/wwpc\/pscmisc\/vac\/us\/images\/22x21_tri-color.gif\" \/>\u00a0 \u00a0 Tricolor<\/li>\n<\/ul>\n<\/td>\n<\/tr>\n<tr bgcolor=\"#e7e7e7\">\n<td scope=\"row\" valign=\"top\" width=\"140\">Compatibilidad con hardware<\/td>\n<td valign=\"top\" width=\"401\">Impresoras HP Deskjet 3320, 3325, 3420, 3425, 5550, 5551 y 5552, impresora port\u00e1til HP Deskjet 450, impresoras HP Photosmart 7150, 7350 y 7550, HP PSC 2105, 2108, 2110, 2150 y 2210, y HP Officejet 6110<\/td>\n<\/tr>\n<tr bgcolor=\"#ffffff\">\n<td scope=\"row\" valign=\"top\" width=\"140\">Nombre del producto<\/td>\n<td valign=\"top\" width=\"401\">Cartucho de inyecci\u00f3n de tinta tricolor HP 28<\/td>\n<\/tr>\n<\/tbody>\n<\/table>\n<table border=\"0\" cellspacing=\"1\" cellpadding=\"4\" bgcolor=\"#cccccc\">\n<tbody>\n<tr>\n<th colspan=\"2\" scope=\"col\" width=\"550\">ESPECIFICACIONES DE IMPRESI\u00d3N<\/th>\n<\/tr>\n<tr bgcolor=\"#e7e7e7\">\n<td scope=\"row\" valign=\"top\" width=\"140\">Colores de los cartuchos de impresi\u00f3n<\/td>\n<td valign=\"top\" width=\"401\">Tricolor<\/td>\n<\/tr>\n<tr bgcolor=\"#ffffff\">\n<td scope=\"row\" valign=\"top\" width=\"140\">Gota de tinta<\/td>\n<td valign=\"top\" width=\"401\">5 pl<\/td>\n<\/tr>\n<tr bgcolor=\"#e7e7e7\">\n<td scope=\"row\" valign=\"top\" width=\"140\">Tipos de tinta compatibles<\/td>\n<td valign=\"top\" width=\"401\">Con base de tinte<\/td>\n<\/tr>\n<tr bgcolor=\"#ffffff\">\n<td scope=\"row\" valign=\"top\" width=\"140\">Rendimiento de la p\u00e1gina (color)<\/td>\n<td valign=\"top\" width=\"401\">165 p\u00e1ginas*<\/td>\n<\/tr>\n<tr bgcolor=\"#e7e7e7\">\n<td scope=\"row\" valign=\"top\" width=\"140\">Nota a pie de p\u00e1gina sobre el rendimiento de p\u00e1ginas<\/td>\n<td valign=\"top\" width=\"401\">*Rendimiento aproximado. El rendimiento real depende de la impresora y de c\u00f3mo se utilice. Para obtener m\u00e1s informaci\u00f3n visite http:\/\/www.hp.com\/go\/learnaboutsupplies.<\/td>\n<\/tr>\n<\/tbody>\n<\/table>\n<table border=\"0\" cellspacing=\"1\" cellpadding=\"4\" bgcolor=\"#cccccc\">\n<tbody>\n<tr>\n<th colspan=\"2\" scope=\"col\" width=\"550\">ESPECIFICACIONES AMBIENTALES<\/th>\n<\/tr>\n<tr bgcolor=\"#e7e7e7\">\n<td scope=\"row\" valign=\"top\" width=\"140\">Margen de temperaturas operativas<\/td>\n<td valign=\"top\" width=\"401\">de 15 a 35\u00b0C<\/td>\n<\/tr>\n<tr bgcolor=\"#ffffff\">\n<td scope=\"row\" valign=\"top\" width=\"140\">Temperatura de almacenamiento: l\u00edmites<\/td>\n<td valign=\"top\" width=\"401\">De \u00ad15 a 35 \u00b0C<\/td>\n<\/tr>\n<tr bgcolor=\"#e7e7e7\">\n<td scope=\"row\" valign=\"top\" width=\"140\">Intervalo de humedad en funcionamiento<\/td>\n<td valign=\"top\" width=\"401\">del 5 al 95% de HR<\/td>\n<\/tr>\n<\/tbody>\n<\/table>\n<table border=\"0\" cellspacing=\"1\" cellpadding=\"4\" bgcolor=\"#cccccc\">\n<tbody>\n<tr>\n<th colspan=\"2\" scope=\"col\" width=\"550\">DIMENSIONES \/ PESO \/ GARANT\u00cdA<\/th>\n<\/tr>\n<tr bgcolor=\"#e7e7e7\">\n<td scope=\"row\" valign=\"top\" width=\"140\">Dimensiones del embalaje (An x F x Al)<\/td>\n<td valign=\"top\" width=\"401\">141 x 131 x 37 mm<\/td>\n<\/tr>\n<tr bgcolor=\"#ffffff\">\n<td scope=\"row\" valign=\"top\" width=\"140\">Peso del embalaje<\/td>\n<td valign=\"top\" width=\"401\">0,07 kg<\/td>\n<\/tr>\n<tr bgcolor=\"#e7e7e7\">\n<td scope=\"row\" valign=\"top\" width=\"140\">Garant\u00eda<\/td>\n<td valign=\"top\" width=\"401\">Los cartuchos de tinta, los cabezales, y otros consumibles de HP tienen cobertura para defectos de materiales y mano de obra durante el periodo de garant\u00eda.<\/td>\n<\/tr>\n<\/tbody>\n<\/table>\n","protected":false},"excerpt":{"rendered":"<p>INTRODUCCI\u00d3N Y CARACTER\u00cdSTICAS Descripci\u00f3n general El cartucho de tinta tricolor HP\u00a028 genera impresiones brillantes, de calidad fotogr\u00e1fica y larga duraci\u00f3n gracias a las tintas patentadas con colorantes, formuladas para que<\/p>\n","protected":false},"featured_media":5639,"comment_status":"open","ping_status":"closed","template":"","meta":{"_acf_changed":false,"_joinchat":[]},"product_cat":[17],"product_tag":[],"acf":[],"jetpack_sharing_enabled":true,"_links":{"self":[{"href":"https:\/\/mipcysumundo.com.co\/index.php\/wp-json\/wp\/v2\/product\/5638"}],"collection":[{"href":"https:\/\/mipcysumundo.com.co\/index.php\/wp-json\/wp\/v2\/product"}],"about":[{"href":"https:\/\/mipcysumundo.com.co\/index.php\/wp-json\/wp\/v2\/types\/product"}],"replies":[{"embeddable":true,"href":"https:\/\/mipcysumundo.com.co\/index.php\/wp-json\/wp\/v2\/comments?post=5638"}],"wp:featuredmedia":[{"embeddable":true,"href":"https:\/\/mipcysumundo.com.co\/index.php\/wp-json\/wp\/v2\/media\/5639"}],"wp:attachment":[{"href":"https:\/\/mipcysumundo.com.co\/index.php\/wp-json\/wp\/v2\/media?parent=5638"}],"wp:term":[{"taxonomy":"product_cat","embeddable":true,"href":"https:\/\/mipcysumundo.com.co\/index.php\/wp-json\/wp\/v2\/product_cat?post=5638"},{"taxonomy":"product_tag","embeddable":true,"href":"https:\/\/mipcysumundo.com.co\/index.php\/wp-json\/wp\/v2\/product_tag?post=5638"}],"curies":[{"name":"wp","href":"https:\/\/api.w.org\/{rel}","templated":true}]}}