{"id":5669,"date":"2024-05-27T23:30:01","date_gmt":"2024-05-27T21:30:01","guid":{"rendered":"https:\/\/mipcysumundo.com.co\/?post_type=product&#038;p=5669"},"modified":"2025-11-02T04:19:53","modified_gmt":"2025-11-02T03:19:53","slug":"computador-portatil-asus-x515ea-br4245-intel-core-i3","status":"publish","type":"product","link":"https:\/\/mipcysumundo.com.co\/index.php\/producto\/computador-portatil-asus-x515ea-br4245-intel-core-i3\/","title":{"rendered":"COMPUTADOR PORTATIL  ASUS X515EA-BR4245 &#8211; INTEL CORE I3"},"content":{"rendered":"<p><strong>ESPECIFICACIONES<\/strong><\/p>\n<ul>\n<li>Port\u00e1til ASUS X515EA-BR4245<\/li>\n<li>Procesador: Intel Core i3 1115G4 2 n\u00facleos 3.0 GHz<\/li>\n<li>Almacenamiento: Ssd 256 GB M.2 NVMe<\/li>\n<li>Memoria RAM: 12GB DDR4 (On BD)<\/li>\n<li>Graficos: Intel UHD<\/li>\n<li>Pantalla: 15.6\u2033 FHD 1920 x 1080<\/li>\n<li>Conectividad: Wi-Fi 6(802.11ax)+Bluetooth 5.0<\/li>\n<li>Puertos: 1x USB Tipo-C<\/li>\n<\/ul>\n<p>3x USB 2.0<\/p>\n<p>1x HDMI 1.4<\/p>\n<p>1x conector de audio combinado de 3,5 mm<\/p>\n<ul>\n<li>Sistema Operativo: FREEDOS<\/li>\n<li>Garant\u00eda: 12 Meses Directamente Con Asus<\/li>\n<\/ul>\n","protected":false},"excerpt":{"rendered":"<p>Con el Port\u00e1til Asus X515EA-BR4245 Intel Core i3-1135g4 Ram 12gb 256ssd Pantalla 15,6\u2033 disfruta de la perfecta combinaci\u00f3n de rendimiento y dise\u00f1o. Encontrar\u00e1s en \u00e9l una excelente herramienta para tus trabajos de todos los d\u00edas y para tus momentos de entretenimiento. Aprovecha la experiencia extraordinaria que la marca tiene para ofrecerte y optimiza la calidad de tus im\u00e1genes y videos.<\/p>\n<p><strong>Pantalla con gran impacto visual<\/strong><\/p>\n<p>Su pantalla LED de 15\u2033 te brindar\u00e1 colores m\u00e1s vivos y definidos. Tus pel\u00edculas y series preferidas cobrar\u00e1n vida, ya que ganar\u00e1n calidad y definici\u00f3n en cada detalle.<\/p>\n<p><strong>Eficiencia a tu alcance<\/strong><\/p>\n<p>Su procesador Intel Core i3 de 2 n\u00facleos, est\u00e1 pensado para aquellas personas generadoras y consumidoras de contenidos. En base a esto, permite el desempe\u00f1o necesario para la edici\u00f3n de fotograf\u00edas o videos en programas b\u00e1sicos.<\/p>\n<p><strong>Un procesador exclusivo para los gr\u00e1ficos<\/strong><\/p>\n<p>Su tarjeta gr\u00e1fica Intel UHD Graphics G4 convierte a este dispositivo en una gran herramienta de trabajo para cualquier profesional del dise\u00f1o. Te permitir\u00e1 lograr una gran performance en todos tus juegos y en otras tareas cotidianas que impliquen procesamiento gr\u00e1fico.<\/p>\n","protected":false},"featured_media":5670,"comment_status":"open","ping_status":"closed","template":"","meta":{"_acf_changed":false,"_joinchat":[]},"product_cat":[15],"product_tag":[],"acf":[],"jetpack_sharing_enabled":true,"_links":{"self":[{"href":"https:\/\/mipcysumundo.com.co\/index.php\/wp-json\/wp\/v2\/product\/5669"}],"collection":[{"href":"https:\/\/mipcysumundo.com.co\/index.php\/wp-json\/wp\/v2\/product"}],"about":[{"href":"https:\/\/mipcysumundo.com.co\/index.php\/wp-json\/wp\/v2\/types\/product"}],"replies":[{"embeddable":true,"href":"https:\/\/mipcysumundo.com.co\/index.php\/wp-json\/wp\/v2\/comments?post=5669"}],"wp:featuredmedia":[{"embeddable":true,"href":"https:\/\/mipcysumundo.com.co\/index.php\/wp-json\/wp\/v2\/media\/5670"}],"wp:attachment":[{"href":"https:\/\/mipcysumundo.com.co\/index.php\/wp-json\/wp\/v2\/media?parent=5669"}],"wp:term":[{"taxonomy":"product_cat","embeddable":true,"href":"https:\/\/mipcysumundo.com.co\/index.php\/wp-json\/wp\/v2\/product_cat?post=5669"},{"taxonomy":"product_tag","embeddable":true,"href":"https:\/\/mipcysumundo.com.co\/index.php\/wp-json\/wp\/v2\/product_tag?post=5669"}],"curies":[{"name":"wp","href":"https:\/\/api.w.org\/{rel}","templated":true}]}}