{"id":5716,"date":"2024-06-03T04:28:38","date_gmt":"2024-06-03T02:28:38","guid":{"rendered":"https:\/\/mipcysumundo.com.co\/?post_type=product&#038;p=5716"},"modified":"2024-06-03T04:28:38","modified_gmt":"2024-06-03T02:28:38","slug":"deadema-para-pc-h2105d-havit","status":"publish","type":"product","link":"https:\/\/mipcysumundo.com.co\/index.php\/producto\/deadema-para-pc-h2105d-havit\/","title":{"rendered":"DEADEMA PARA PC H2105D HAVIT"},"content":{"rendered":"<div class=\"detailmodule_text-image\" data-spm-anchor-id=\"a2g0o.detail.1000023.i2.53f511a9nhvFoU\">\n<h3 class=\"detail-desc-decorate-title\" data-spm-anchor-id=\"a2g0o.detail.1000023.i3.53f511a9nhvFoU\">Cascos para juegos, PS4 Pro, Xbox, Nintendo, Ordenador, Skype<\/h3>\n<p class=\"detail-desc-decorate-content\">Incluido adaptador de jack de audio de 3,5mm M 2 jack 3,5mm H<\/p>\n<\/div>\n<div class=\"detailmodule_text-image\">\n<p class=\"detail-desc-decorate-content\">Auriculares de calidad con micr\u00f3fono y dise\u00f1o ergon\u00f3mico. Excelente calidad de sonido y amplio rango de frecuencia. Conector doble jack de 3,5mm con adaptador 1 jack de 3,5mm para las computadoras&#8230; consolas playstation&#8230; Ps4 Nintendo o Xbox. Diadema ajustable y almohadillas acolchadas.<\/p>\n<p>&nbsp;<\/p>\n<\/div>\n<div class=\"detailmodule_text-image\" data-spm-anchor-id=\"a2g0o.detail.1000023.i5.53f511a9nhvFoU\">\n<h3 class=\"detail-desc-decorate-title\" data-spm-anchor-id=\"a2g0o.detail.1000023.i0.53f511a9nhvFoU\">Descripci\u00f3n<\/h3>\n<p class=\"detail-desc-decorate-content\" data-spm-anchor-id=\"a2g0o.detail.1000023.i6.53f511a9nhvFoU\">Di\u00e1metro de altura: 27mm Sensibilidad: -106dB +-3dB Red y pilas: 32 +-5% Correspondencia de frecuencia: 20Hz 20KHZ Cable: Cable 1m aproxim\u00e1damente Clavija: Doble jack de 3,5mm Adaptador de jack 3,5 macho a doble jack 3,5mm hembra<\/p>\n<\/div>\n","protected":false},"excerpt":{"rendered":"<ul>\n<li>Los auriculares de juego son una opci\u00f3n ideal para jugadores de voz tan pronto como el controlador es demasiado grande, pero no para la gente que lo hace.<\/li>\n<li>La diadema y la diadema est\u00e1n hechos de material tpe resistente a los golpes para un rendimiento duradero y flexible. Los auriculares de juego est\u00e1n dise\u00f1ados para adaptarse a la mayor\u00eda de los tama\u00f1os de cascos, por lo que es muy c\u00f3modo y resistente al desgaste.<\/li>\n<li>El micr\u00f3fono de auriculares con cancelaci\u00f3n activa el ruido y la saliva para proteger tu audici\u00f3n.<\/li>\n<li>Controla de forma flexible el tiempo, la velocidad y los agudos de cada auricular se pueden cambiar a voluntad.<\/li>\n<li>Los auriculares de repuesto de alta calidad son c\u00f3modos de sostener, y las orejeras tienen un mecanismo de resorte magnetizado.<\/li>\n<li>Los auriculares de juegos de realidad virtual con un dise\u00f1o elegante y una calidad superior, te har\u00e1n sentir genial en cualquier ocasi\u00f3n. Lo que es m\u00e1s, los auriculares de la serie crossfit son extremadamente f\u00e1ciles de llevar y tienen un dise\u00f1o elegante.<\/li>\n<li>Los auriculares son un dispositivo de micr\u00f3fono muy \u00fatil.<\/li>\n<li>Los auriculares de juego son ligeros y duraderos, y se adaptan a la mayor\u00eda de las orejas.<\/li>\n<\/ul>\n","protected":false},"featured_media":5717,"comment_status":"open","ping_status":"closed","template":"","meta":{"_acf_changed":false,"_joinchat":[]},"product_cat":[15],"product_tag":[],"acf":[],"jetpack_sharing_enabled":true,"_links":{"self":[{"href":"https:\/\/mipcysumundo.com.co\/index.php\/wp-json\/wp\/v2\/product\/5716"}],"collection":[{"href":"https:\/\/mipcysumundo.com.co\/index.php\/wp-json\/wp\/v2\/product"}],"about":[{"href":"https:\/\/mipcysumundo.com.co\/index.php\/wp-json\/wp\/v2\/types\/product"}],"replies":[{"embeddable":true,"href":"https:\/\/mipcysumundo.com.co\/index.php\/wp-json\/wp\/v2\/comments?post=5716"}],"wp:featuredmedia":[{"embeddable":true,"href":"https:\/\/mipcysumundo.com.co\/index.php\/wp-json\/wp\/v2\/media\/5717"}],"wp:attachment":[{"href":"https:\/\/mipcysumundo.com.co\/index.php\/wp-json\/wp\/v2\/media?parent=5716"}],"wp:term":[{"taxonomy":"product_cat","embeddable":true,"href":"https:\/\/mipcysumundo.com.co\/index.php\/wp-json\/wp\/v2\/product_cat?post=5716"},{"taxonomy":"product_tag","embeddable":true,"href":"https:\/\/mipcysumundo.com.co\/index.php\/wp-json\/wp\/v2\/product_tag?post=5716"}],"curies":[{"name":"wp","href":"https:\/\/api.w.org\/{rel}","templated":true}]}}