{"id":5794,"date":"2024-06-06T20:23:41","date_gmt":"2024-06-06T18:23:41","guid":{"rendered":"https:\/\/mipcysumundo.com.co\/?post_type=product&#038;p=5794"},"modified":"2026-02-05T03:06:40","modified_gmt":"2026-02-05T02:06:40","slug":"disco-externo-adata-antigolpes-2tb-hd720-pro","status":"publish","type":"product","link":"https:\/\/mipcysumundo.com.co\/index.php\/producto\/disco-externo-adata-antigolpes-2tb-hd720-pro\/","title":{"rendered":"DISCO EXTERNO ADATA ANTIGOLPES 2Tb HD720 PRO"},"content":{"rendered":"<div class=\"\" data-v-498998dc=\"\">\n<div class=\"row-data data-direction-row\" data-v-498998dc=\"\">\n<div class=\"row-image\" data-v-498998dc=\"\"><img decoding=\"async\" src=\"https:\/\/www.adata.com\/_nuxt\/img\/fake.82d594d.png\" data-v-498998dc=\"\" \/><\/div>\n<div class=\"row-content\" data-v-498998dc=\"\">\n<div data-v-498998dc=\"\">Certificado con IP68 por su resistencia al agua y al polvo<\/div>\n<article data-v-498998dc=\"\">El HD720 ha pasado las estrictas pruebas IP68, ofreciendo una excelente protecci\u00f3n con resistencia al agua y al polvo. Gracias a su dise\u00f1o duradero, el HD720 funciona con normalidad incluso en un ambiente con polvo o despu\u00e9s de estar sumergido a 2 metros durante 120 minutos.<\/p>\n<\/article>\n<\/div>\n<\/div>\n<\/div>\n<div class=\"\" data-v-498998dc=\"\">\n<div class=\"row-data data-direction-row\" data-v-498998dc=\"\">\n<div class=\"row-image r-side\" data-v-498998dc=\"\"><img decoding=\"async\" src=\"https:\/\/www.adata.com\/_nuxt\/img\/fake.82d594d.png\" data-v-498998dc=\"\" \/><\/div>\n<div class=\"row-content r-side\" data-v-498998dc=\"\">\n<div data-v-498998dc=\"\">Certificado con pruebas contra impactos m\u00e1s estrictas<\/div>\n<article data-v-498998dc=\"\">El HD720 ha pasado una prueba de ca\u00edda de 1,8m m\u00e1s estricta que la est\u00e1ndar de grado militar (MIL-STD-810G 516.6). Es capaz de soportar un golpe repentino.<\/p>\n<\/article>\n<\/div>\n<\/div>\n<\/div>\n<div class=\"\" data-v-498998dc=\"\">\n<div class=\"row-data data-direction-row\" data-v-498998dc=\"\">\n<div class=\"row-image\" data-v-498998dc=\"\"><img decoding=\"async\" src=\"https:\/\/www.adata.com\/_nuxt\/img\/fake.82d594d.png\" data-v-498998dc=\"\" \/><\/div>\n<div class=\"row-content\" data-v-498998dc=\"\">\n<div data-v-498998dc=\"\">Protecci\u00f3n de triple capa<\/div>\n<article data-v-498998dc=\"\">La construcci\u00f3n de tres capas del HD720 incorpora material de silicona extremadamente el\u00e1stico para proporcionar una gran absorci\u00f3n contra impactos desde todos los \u00e1ngulos.<\/p>\n<\/article>\n<\/div>\n<\/div>\n<\/div>\n<div class=\"\" data-v-498998dc=\"\">\n<div class=\"row-data data-direction-row\" data-v-498998dc=\"\">\n<div class=\"row-image r-side\" data-v-498998dc=\"\"><img decoding=\"async\" src=\"https:\/\/www.adata.com\/_nuxt\/img\/fake.82d594d.png\" data-v-498998dc=\"\" \/><\/div>\n<div class=\"row-content r-side\" data-v-498998dc=\"\">\n<div data-v-498998dc=\"\">Shock Sensor Protection<\/div>\n<article data-v-498998dc=\"\">Shock Sensor Protection ayuda a proteger sus datos. Si su HD720 sufre un impacto severo, Shock Sensor Protection se abrir\u00e1 y mostrar\u00e1 una luz roja parpadeando. Cuando el golpe ha pasado, aparecer\u00e1 una luz azul fija o parpadeando indicando que ha vuelto a su estado normal.<\/p>\n<\/article>\n<\/div>\n<\/div>\n<\/div>\n<div class=\"\" data-v-498998dc=\"\">\n<div class=\"row-data data-direction-row\" data-v-498998dc=\"\">\n<div class=\"row-image\" data-v-498998dc=\"\"><img decoding=\"async\" src=\"https:\/\/www.adata.com\/_nuxt\/img\/fake.82d594d.png\" data-v-498998dc=\"\" \/><\/div>\n<div class=\"row-content\" data-v-498998dc=\"\">\n<div data-v-498998dc=\"\">Cable USB enrollable<\/div>\n<article data-v-498998dc=\"\">El cable USB se enrolla alrededor de una ranura exterior de la carcasa de la unidad, ofreciendo una soluci\u00f3n de almacenamiento que se ajusta a las caracter\u00edsticas altamente pr\u00e1cticas del dispositivo.<\/p>\n<\/article>\n<\/div>\n<\/div>\n<\/div>\n<div class=\"\" data-v-498998dc=\"\">\n<div class=\"row-data data-direction-row\" data-v-498998dc=\"\">\n<div class=\"row-image r-side\" data-v-498998dc=\"\"><img decoding=\"async\" src=\"https:\/\/www.adata.com\/_nuxt\/img\/fake.82d594d.png\" data-v-498998dc=\"\" \/><\/div>\n<div class=\"row-content r-side\" data-v-498998dc=\"\">\n<div data-v-498998dc=\"\">La capacidad que necesita<\/div>\n<article data-v-498998dc=\"\">\u00bfSe qued\u00f3 sin espacio para guardar v\u00eddeos y fotos en su \u00faltima aventura? El HD720 proporciona grandes capacidades de almacenamiento, permiti\u00e9ndole grabar cada momento maravilloso.<\/p>\n<\/article>\n<\/div>\n<\/div>\n<\/div>\n<div class=\"\" data-v-498998dc=\"\">\n<div class=\"row-data data-direction-row\" data-v-498998dc=\"\">\n<div class=\"row-image\" data-v-498998dc=\"\"><img decoding=\"async\" src=\"https:\/\/www.adata.com\/_nuxt\/img\/fake.82d594d.png\" data-v-498998dc=\"\" \/><\/div>\n<div class=\"row-content\" data-v-498998dc=\"\">\n<div data-v-498998dc=\"\">\u00daselo con su consola de juegos<\/div>\n<article data-v-498998dc=\"\">Su HD720 se puede conectar a consolas de juego y usarse como almacenamiento de copia de seguridad para juegos que no se est\u00e9n reproduciendo actualmente.<\/p>\n<p>* Los tiempos de carga reales pueden variar dependiendo del juego. Es posible que sea necesario volver a formatear para que la unidad de estado s\u00f3lido (HDD) externa funcione con consolas de juego.<br \/>\n** La compatibilidad con dispositivos de almacenamiento externos var\u00eda seg\u00fan la consola de juego. Haga clic\u00a0<a href=\"https:\/\/webapi3.adata.com\/storage\/downloadfile\/devicessup\/Nextgen_Game_Console_Compatibility.pdf\" target=\"_blank\" rel=\"noopener\">aqu\u00ed<\/a>\u00a0para obtener m\u00e1s informaci\u00f3n.<\/p>\n<\/article>\n<\/div>\n<\/div>\n<\/div>\n<div class=\"\" data-v-498998dc=\"\">\n<div class=\"row-data data-direction-row\" data-v-498998dc=\"\">\n<div class=\"row-image r-side\" data-v-498998dc=\"\"><img decoding=\"async\" src=\"https:\/\/www.adata.com\/_nuxt\/img\/fake.82d594d.png\" data-v-498998dc=\"\" \/><\/div>\n<div class=\"row-content r-side\" data-v-498998dc=\"\">\n<div data-v-498998dc=\"\">Software de copia de seguridad inteligente Backup ToGo<\/div>\n<article data-v-498998dc=\"\">Backup ToGo utiliza un algoritmo para hacer copias de seguridad de todos sus datos de forma inteligente y sencilla. Defina los programas de copia de seguridad deseados y no vuelva a preocuparse por la p\u00e9rdida de datos. Adem\u00e1s, Backup ToGo cuenta con una funci\u00f3n de copia de seguridad en la nube, que admite la copia de seguridad en la nube, en discos duros locales e incluso en dispositivos m\u00f3viles. Con Backup ToGo, los usuarios pueden disfrutar de una herramienta con una interfaz intuitiva que facilita la copia de seguridad de los datos!<\/p>\n<\/article>\n<\/div>\n<\/div>\n<\/div>\n","protected":false},"excerpt":{"rendered":"<p>El HD720 es un disco duro externo ultraduradero de dise\u00f1o deportivo. Ofrece una gran capacidad de almacenamiento y tambi\u00e9n pasa las pruebas m\u00e1s duras de resistencia al agua, al polvo y a impactos para ofrecer una protecci\u00f3n de datos excelente. \u00a1El HD720 es el sistema de copia de seguridad de datos m\u00e1s robusto para su pr\u00f3xima aventura!<\/p>\n","protected":false},"featured_media":5795,"comment_status":"open","ping_status":"closed","template":"","meta":{"_acf_changed":false,"_joinchat":[]},"product_cat":[18],"product_tag":[],"acf":[],"jetpack_sharing_enabled":true,"_links":{"self":[{"href":"https:\/\/mipcysumundo.com.co\/index.php\/wp-json\/wp\/v2\/product\/5794"}],"collection":[{"href":"https:\/\/mipcysumundo.com.co\/index.php\/wp-json\/wp\/v2\/product"}],"about":[{"href":"https:\/\/mipcysumundo.com.co\/index.php\/wp-json\/wp\/v2\/types\/product"}],"replies":[{"embeddable":true,"href":"https:\/\/mipcysumundo.com.co\/index.php\/wp-json\/wp\/v2\/comments?post=5794"}],"wp:featuredmedia":[{"embeddable":true,"href":"https:\/\/mipcysumundo.com.co\/index.php\/wp-json\/wp\/v2\/media\/5795"}],"wp:attachment":[{"href":"https:\/\/mipcysumundo.com.co\/index.php\/wp-json\/wp\/v2\/media?parent=5794"}],"wp:term":[{"taxonomy":"product_cat","embeddable":true,"href":"https:\/\/mipcysumundo.com.co\/index.php\/wp-json\/wp\/v2\/product_cat?post=5794"},{"taxonomy":"product_tag","embeddable":true,"href":"https:\/\/mipcysumundo.com.co\/index.php\/wp-json\/wp\/v2\/product_tag?post=5794"}],"curies":[{"name":"wp","href":"https:\/\/api.w.org\/{rel}","templated":true}]}}