{"id":5808,"date":"2024-06-06T20:42:36","date_gmt":"2024-06-06T18:42:36","guid":{"rendered":"https:\/\/mipcysumundo.com.co\/?post_type=product&#038;p=5808"},"modified":"2025-10-31T17:22:33","modified_gmt":"2025-10-31T16:22:33","slug":"disco-solido-externo-adata-sd620-1-tera-anti-golpes-usb-32","status":"publish","type":"product","link":"https:\/\/mipcysumundo.com.co\/index.php\/producto\/disco-solido-externo-adata-sd620-1-tera-anti-golpes-usb-32\/","title":{"rendered":"DISCO SOLIDO EXTERNO ADATA SD620 &#8211; 1 TERA ANTI GOLPES USB 3,2 &#8211;"},"content":{"rendered":"<div class=\"description_product-info-frame___Y7Eo\">\n<div class=\"container-full description_product-info__Ob6YZ\">\n<div class=\"description_product-info-desc__Lh5yN\">\n<div>\n<p>&nbsp;<\/p>\n<\/div>\n<\/div>\n<div class=\"description_product-info-image__NvUPb description_web-show__sea2v\">\n<div><img decoding=\"async\" src=\"https:\/\/webapi3.adata.com\/storage\/product\/sd620_p_2000x20000_bk_01.png\" alt=\"Unidad de Estado S\u00f3lido Externo SD620\" \/><\/p>\n<div>\n<div><\/div>\n<div><\/div>\n<div><\/div>\n<div><\/div>\n<\/div>\n<\/div>\n<\/div>\n<\/div>\n<\/div>\n<div class=\"description_type_00_desc-area__ltznY\">\n<div class=\"description_type_00_desc-image__GjQVA\"><img decoding=\"async\" src=\"https:\/\/webapi3.adata.com\/storage\/product\/sd620_feature_image_01_1200x695.jpg\" alt=\"Transferencia de datos en segundos\" \/><\/div>\n<div class=\"description_type_00_desc-text__nNiiA\">\n<h3 class=\"description_type_00_desc-title__n_cBv\">Transferencia de datos en segundos<\/h3>\n<div class=\"description_type_00_desc-content__ZaCgQ\">\n<p>\u00a1Te encantar\u00e1 desde el principio! Con una velocidad de transferencia de hasta 520 MB\/s, el SSD duro SD620 es un caballo de carreras en la transmisi\u00f3n digital, ya que s\u00f3lo necesita unos 20 segundos para completar la transferencia de un archivo de v\u00eddeo de alta definici\u00f3n 4K de 10 GB. \u00a1Crear copias de seguridad de sus datos ya no ser\u00e1 una tarea pesada!<\/p>\n<\/div>\n<\/div>\n<\/div>\n<div class=\"description_type_00_desc-area__ltznY description_type_00_even__VEFG_\">\n<div class=\"description_type_00_desc-text__nNiiA\">\n<h3 class=\"description_type_00_desc-title__n_cBv\">La resistencia a impactos MIL-STD es capaz de soportar golpes inesperados<\/h3>\n<div class=\"description_type_00_desc-content__ZaCgQ\">\n<p>El SD620 est\u00e1 protegido por una funda de silicona antichoque que proporciona una amortiguaci\u00f3n el\u00e1stica superior a la de las unidades SSD externas est\u00e1ndar. Ha superado las estrictas pruebas de ca\u00edda MIL-STD-810G 516.6 y no sufrir\u00e1 da\u00f1os aunque se deje caer desde 1,22 metros. La durabilidad de la SD620 permite transportarla sin problemas.<\/p>\n<\/div>\n<\/div>\n<div class=\"description_type_00_desc-image__GjQVA\"><img decoding=\"async\" src=\"https:\/\/webapi3.adata.com\/storage\/product\/sd620_feature_image_02_1200x695.jpg\" alt=\"La resistencia a impactos MIL-STD es capaz de soportar golpes inesperados\" \/><\/div>\n<\/div>\n<div class=\"description_type_00_desc-area__ltznY\">\n<div class=\"description_type_00_desc-image__GjQVA\"><img decoding=\"async\" src=\"https:\/\/webapi3.adata.com\/storage\/product\/sd620_feature_image_03_1200x695.jpg\" alt=\"Multiplataforma e interdispositivos\" \/><\/div>\n<div class=\"description_type_00_desc-text__nNiiA\">\n<h3 class=\"description_type_00_desc-title__n_cBv\">Multiplataforma e interdispositivos<\/h3>\n<div class=\"description_type_00_desc-content__ZaCgQ\">\n<p>El SD620 es compatible con sistemas operativos como Android, Mac OS y Windows, y admite la sustituci\u00f3n en caliente. Puede conectarse a varios dispositivos, como computadoras, tabletas, tel\u00e9fonos m\u00f3viles y videojuegos. El SD620 puede transferir archivos sin instalaci\u00f3n de controladores adicionales. Crear copias de seguridad de todos tus dispositivos de una sola vez es c\u00f3modo y seguro.<\/p>\n<p>&nbsp;<\/p>\n<p>*El software y el hardware de los dispositivos m\u00f3viles deben admitir unidades de estado s\u00f3lido externas para aprovechar las funciones de transmisi\u00f3n y respaldo de datos sobre la marcha.<\/p>\n<p>&nbsp;<\/p>\n<p>** Plataformas admitidas: Haz clic\u00a0<a href=\"https:\/\/webapi3.adata.com\/storage\/downloadfile\/devicessup\/External_SSD_Compatibility_Report.pdf\" target=\"_blank\" rel=\"noopener\">aqu\u00ed<\/a>\u00a0para obtener m\u00e1s informaci\u00f3n.<\/p>\n<\/div>\n<\/div>\n<\/div>\n<div class=\"description_type_00_desc-area__ltznY description_type_00_even__VEFG_\">\n<div class=\"description_type_00_desc-text__nNiiA\">\n<h3 class=\"description_type_00_desc-title__n_cBv\">Disfrute de los tres colores cl\u00e1sicos<\/h3>\n<div class=\"description_type_00_desc-content__ZaCgQ\">\n<p>El SD620 est\u00e1 disponible en tres colores cl\u00e1sicos como el negro, el azul y el rojo, para adaptarse a su estilo y a su expresi\u00f3n personal. Tambi\u00e9n es una declaraci\u00f3n de confianza, que le permite exhibir su exclusivo estilo de moda a trav\u00e9s de este dispositivo de almacenamiento.<\/p>\n<\/div>\n<\/div>\n<div class=\"description_type_00_desc-image__GjQVA\"><img decoding=\"async\" src=\"https:\/\/webapi3.adata.com\/storage\/product\/sd620_feature_image_05_1200x695.jpg\" alt=\"Disfrute de los tres colores cl\u00e1sicos\" \/><\/div>\n<\/div>\n<div class=\"description_type_00_desc-area__ltznY\">\n<div class=\"description_type_00_desc-image__GjQVA\"><img decoding=\"async\" src=\"https:\/\/webapi3.adata.com\/storage\/product\/sd620_feature_image_04_1200x695.jpg\" alt=\"T\u00fa Biblioteca de Videojuegos\" \/><\/div>\n<div class=\"description_type_00_desc-text__nNiiA\">\n<h3 class=\"description_type_00_desc-title__n_cBv\">T\u00fa Biblioteca de Videojuegos<\/h3>\n<p>SD620, que admite varias de las consolas de videojuegos m\u00e1s recientes, es ideal para almacenar todos tus videojuegos sin ocupar mucho espacio f\u00edsico.<\/p>\n<p>&nbsp;<\/p>\n<p>*Es posible que deba formatearse antes de conectarse a la consola de videojuegos. Para obtener m\u00e1s informaci\u00f3n, haz clic\u00a0<a href=\"https:\/\/webapi3.adata.com\/storage\/downloadfile\/devicessup\/nextgen_game_console_compatibility.pdf\" target=\"_blank\" rel=\"noopener\">aqu\u00ed<\/a>.<\/p>\n<\/div>\n<\/div>\n","protected":false},"excerpt":{"rendered":"<ul>\n<li>Admite transmisi\u00f3n de alta velocidad USB 3.2 Gen2<\/li>\n<li>Velocidad de transferencia de hasta 520 MB\/s<\/li>\n<li>Resistente a ca\u00eddas MIL-STD de 1,22 m<\/li>\n<li>Compatible con juegos de \u00faltima generaci\u00f3n.<\/li>\n<li>Compatible con numerosos sistemas operativos y plataformas inform\u00e1ticas.<\/li>\n<\/ul>\n","protected":false},"featured_media":5809,"comment_status":"open","ping_status":"closed","template":"","meta":{"_acf_changed":false,"_joinchat":[]},"product_cat":[18],"product_tag":[],"acf":[],"jetpack_sharing_enabled":true,"_links":{"self":[{"href":"https:\/\/mipcysumundo.com.co\/index.php\/wp-json\/wp\/v2\/product\/5808"}],"collection":[{"href":"https:\/\/mipcysumundo.com.co\/index.php\/wp-json\/wp\/v2\/product"}],"about":[{"href":"https:\/\/mipcysumundo.com.co\/index.php\/wp-json\/wp\/v2\/types\/product"}],"replies":[{"embeddable":true,"href":"https:\/\/mipcysumundo.com.co\/index.php\/wp-json\/wp\/v2\/comments?post=5808"}],"wp:featuredmedia":[{"embeddable":true,"href":"https:\/\/mipcysumundo.com.co\/index.php\/wp-json\/wp\/v2\/media\/5809"}],"wp:attachment":[{"href":"https:\/\/mipcysumundo.com.co\/index.php\/wp-json\/wp\/v2\/media?parent=5808"}],"wp:term":[{"taxonomy":"product_cat","embeddable":true,"href":"https:\/\/mipcysumundo.com.co\/index.php\/wp-json\/wp\/v2\/product_cat?post=5808"},{"taxonomy":"product_tag","embeddable":true,"href":"https:\/\/mipcysumundo.com.co\/index.php\/wp-json\/wp\/v2\/product_tag?post=5808"}],"curies":[{"name":"wp","href":"https:\/\/api.w.org\/{rel}","templated":true}]}}